{"id":692,"date":"2019-12-31T12:41:39","date_gmt":"2019-12-31T10:41:39","guid":{"rendered":"https:\/\/www.groding.com\/?page_id=692"},"modified":"2024-09-16T05:39:26","modified_gmt":"2024-09-16T05:39:26","slug":"palvelut","status":"publish","type":"page","link":"https:\/\/groding.com\/?page_id=692&lang=fi","title":{"rendered":"Palvelut"},"content":{"rendered":"\n<p><strong>Edullinen ratkaisu kaikkiin luovuustarpeisiisi.<br><\/strong>Alue, johon olemme keskittyneet eniten, on web-suunnittelu. Rakennamme verkkosivustoja, joissa on helppo liikkua ja jotka ovat graafisesti houkuttelevia. Tarjoamme kaksi erilaista vaihtoehtoa, dynaamiset ja staattiset verkkosivut. Staattinen on ns kiinte\u00e4 sivusto. Et p\u00e4ivit\u00e4 sit\u00e4 niin usein kuin dynaamista, joka on elinvoimaisempi. Dynamiikan avulla voit p\u00e4ivitt\u00e4\u00e4 teksti\u00e4 ja kuvia itse milloin haluat. Olemme sitoutuneet laajentamaan kyky\u00e4mme oppia uusia asioita ja pyrimme aina tuottamaan parasta laatua asiakkaillemme. Verkkosuunnittelun lis\u00e4ksi tarjoamme my\u00f6s seuraavia palveluita:<\/p>\n\n\n\n<p>&nbsp;<\/p>\n\n\n\n<figure class=\"wp-block-image size-large\"><img loading=\"lazy\" decoding=\"async\" width=\"1024\" height=\"585\" src=\"https:\/\/groding-com.preview-domain.com\/wp-content\/uploads\/2024\/06\/0417b16d-1dc4-4176-9abc-50892a782c4c-1-1024x585.jpeg\" alt=\"\" class=\"wp-image-1008\" srcset=\"https:\/\/groding.com\/wp-content\/uploads\/2024\/06\/0417b16d-1dc4-4176-9abc-50892a782c4c-1-1024x585.jpeg 1024w, https:\/\/groding.com\/wp-content\/uploads\/2024\/06\/0417b16d-1dc4-4176-9abc-50892a782c4c-1-300x171.jpeg 300w, https:\/\/groding.com\/wp-content\/uploads\/2024\/06\/0417b16d-1dc4-4176-9abc-50892a782c4c-1-768x439.jpeg 768w, https:\/\/groding.com\/wp-content\/uploads\/2024\/06\/0417b16d-1dc4-4176-9abc-50892a782c4c-1.jpeg 1792w\" sizes=\"auto, (max-width: 1024px) 100vw, 1024px\" \/><\/figure>\n\n\n\n<ul class=\"wp-block-list\">\n<li>Logot\u00a0<\/li>\n\n\n\n<li>pohjapiirrokset<\/li>\n\n\n\n<li>bannerit<\/li>\n\n\n\n<li>k\u00e4yntikortti<\/li>\n\n\n\n<li>esitteet<\/li>\n\n\n\n<li>verkko- ja sanomalehtimainokset<\/li>\n<\/ul>\n\n\n\n<p>Varmistamme, ett\u00e4 saat tarkan suunnittelun ja rakenteen, joka sopii yrityksellesi.<\/p>\n\n\n\n<p><strong>Verkkokehitys<\/strong><br>Tarjoamme verkkokehityspalvelua, jonka avulla myyntisi voi kasvaa ja auttaa sinua kasvattamaan yrityst\u00e4si. Jos olet aloittelija, verkkokehitys voi olla haastavaa &#8211; opetamme sinulle ja annamme sinulle tarpeeksi yksityiskohtia, jotta voit nauttia ja oppia sit\u00e4. Toinen vaihtoehto on ett\u00e4 teemme kaiken puolestasi, jotta voit rentoutua ja keskitty\u00e4 liiketoiminnan johtamiseen.<\/p>\n\n\n\n<p><strong>Verkkosuunnittelu<\/strong><br>K\u00e4yt\u00e4mme graafista suunnittelua, kuten Adobe Photoshop, Illustrator ja InDesign kun luodaksemme logoja, grafiikoita ja asetteluja, jotka m\u00e4\u00e4ritt\u00e4v\u00e4t verkkosivuston ulkoasun.<\/p>\n\n\n\n<ul class=\"wp-block-list\">\n<li>Kauniita r\u00e4\u00e4t\u00e4l\u00f6ityj\u00e4 malleja, jotka on r\u00e4\u00e4t\u00e4l\u00f6ity yrityksellesi.<\/li>\n\n\n\n<li>Vastaa optimaaliseen katseluun mill\u00e4 tahansa laitteella.<\/li>\n\n\n\n<li>Rakennettu mille tahansa alustalle.<\/li>\n\n\n\n<li>Yll\u00e4pito sis\u00e4ltyy suunnittelupakettiin.<\/li>\n\n\n\n<li>Asiakaspalvelu.<\/li>\n\n\n\n<li>L\u00f6yd\u00e4mme aina 24\/7 ratkaisuja ongelmiin. Mik\u00e4\u00e4n ongelma ei ole liian iso tai pieni.<\/li>\n<\/ul>\n\n\n\n<p><strong>Graafinen suunnittelu<\/strong><br>T\u00e4rkeimm\u00e4t asiat eiv\u00e4t ole asioita. Joten suunnittelemme kokemuksia. Suunnittelemme haluamasi kokemuksen. Jos etsit graafisen suunnittelun inspiraatiota, olet tullut oikeaan paikkaan!<\/p>\n\n\n\n<p>Havaintokyky ja analyyttinen ajattelu ovat t\u00e4rkeit\u00e4 ty\u00f6kaluja graafisessa suunnittelussa. K\u00e4yt\u00e4mme erilaisia \u200b\u200bmenetelmi\u00e4 taiteen ja tekniikan yhdist\u00e4miseksi kommunikoidaksemme tietyn viestin ja luodakseen vaikuttavan kuvan. Graafinen suunnittelu viestii br\u00e4ndist\u00e4si ja viestist\u00e4si visuaalisesti vaikuttavilla yrityslogoilla, lumoavilla esitteill\u00e4, influenssarin uutiskirjeill\u00e4 ja fantastisilla julisteilla.<\/p>\n\n\n\n<figure class=\"wp-block-image size-large\"><img loading=\"lazy\" decoding=\"async\" width=\"1024\" height=\"768\" src=\"https:\/\/groding-com.preview-domain.com\/wp-content\/uploads\/2024\/06\/software-657188_1920-1024x768.jpg\" alt=\"\" class=\"wp-image-1002\" srcset=\"https:\/\/groding.com\/wp-content\/uploads\/2024\/06\/software-657188_1920-1024x768.jpg 1024w, https:\/\/groding.com\/wp-content\/uploads\/2024\/06\/software-657188_1920-300x225.jpg 300w, https:\/\/groding.com\/wp-content\/uploads\/2024\/06\/software-657188_1920-768x576.jpg 768w, https:\/\/groding.com\/wp-content\/uploads\/2024\/06\/software-657188_1920-1536x1152.jpg 1536w, https:\/\/groding.com\/wp-content\/uploads\/2024\/06\/software-657188_1920.jpg 1920w\" sizes=\"auto, (max-width: 1024px) 100vw, 1024px\" \/><\/figure>\n\n\n\n<p><strong>Iskulauseiden luominen<\/strong><br>Luomme houkuttelevan viestin, joka kuvastaa sit\u00e4, kuinka haluat yrityksesi havaittavan. Johdonmukainen br\u00e4nd\u00e4ys on t\u00e4rke\u00e4\u00e4, jos olet pieni yritys tai kotitalouksien nimi. Varmista, ett\u00e4 yrityksesi logot t\u00e4ydent\u00e4v\u00e4t olemassa olevaa logoa, yrityksen nime\u00e4 ja heijastettua kuvaa. Jos luot uuden tuotteen tai yrityksen avainsanan, tarvitset jotain, joka edustaa tuotemerkki\u00e4si ja on helppo muistaa.<\/p>\n\n\n\n<p><strong>CMS kehitys<\/strong><br>Sin\u00e4 annat vision, tarjoamme ratkaisun.<\/p>\n\n\n\n<p><strong>Tiedonkeruu<\/strong><br>Suunnittelemme, hallitsemme ja kehit\u00e4mme sinulle sopivia r\u00e4\u00e4t\u00e4l\u00f6ityj\u00e4 verkkosovelluksia.<\/p>\n\n\n\n<p><strong>Hakukoneen<\/strong><br>Inspiroimme, luomme ja julkaisemme verkkoprojektiasi.<\/p>\n\n\n\n<p><strong>Vastuullinen muotoilu<\/strong><br>Responsiivisen suunnittelun tavoitteena on v\u00e4ltt\u00e4\u00e4 tarpeetonta koon muuttamista, vierityst\u00e4, zoomaamista tai panorointia, joka tapahtuu verkkosivustoilla, joita ei ole optimoitu eri laitteille. N\u00e4ill\u00e4 sivustoilla navigointi on usein eritt\u00e4in vaikeaa, ja se voi jopa maksaa sinulle potentiaalisille asiakkaille, jotka turhautuvat yritt\u00e4ess\u00e4\u00e4n selvitt\u00e4\u00e4, miten tehd\u00e4 jotain. Voimme auttaa sinua muuttamaan verkkosivustosi vastaamaan tai tekem\u00e4\u00e4n sinusta uuden sivuston, joka on reagoiva alusta alkaen.<\/p>\n\n\n\n<p><strong>Sosiaalinen media<\/strong><br>Sosiaalisen median markkinointi on tehokas tapa kaiken kokoisille yrityksille tavoittaa asiakkaita ja asiakkaita. Asiakkaasi ovat jo vuorovaikutuksessa tuotemerkkien kanssa sosiaalisen median kautta, ja jos et puhu suoraan yleis\u00f6llesi sosiaalisten alustojen kautta, menet\u00e4t ik\u00e4v\u00e4si! Hyv\u00e4 sosiaalisen median markkinointi voi tuoda menestyst\u00e4 yrityksellesi, luoda omistautuneita tuotemerkkien edustajia ja jopa johtaa johtaa ja myynti\u00e4.<\/p>\n\n\n\n<p><strong>SEO<\/strong><br>SEO tarkoittaa &#8220;hakukoneoptimointia&#8221;. Se on prosessi, jolla liikenne saadaan &#8220;ilmaisilta&#8221;, &#8220;orgaanisilta&#8221;, &#8220;toimituksellisilta&#8221; tai &#8220;luonnollisilta&#8221; hakutuloksilta hakukoneissa.<br>Kaikilla suurilla hakukoneilla, kuten Google, Bing ja Yahoo, on ensisijaiset hakutulokset, joissa verkkosivut ja muu sis\u00e4lt\u00f6, kuten video tai paikalliset tiedot, n\u00e4ytet\u00e4\u00e4n ja sijoitetaan sen perusteella, mit\u00e4 hakukone pit\u00e4\u00e4 k\u00e4ytt\u00e4jien kannalta merkityksellisimm\u00e4n\u00e4.<\/p>\n","protected":false},"excerpt":{"rendered":"<p>Edullinen ratkaisu kaikkiin luovuustarpeisiisi.Alue, johon olemme keskittyneet eniten, on web-suunnittelu. Rakennamme verkkosivustoja, joissa on helppo liikkua ja jotka ovat graafisesti houkuttelevia. Tarjoamme kaksi erilaista vaihtoehtoa, dynaamiset ja staattiset verkkosivut. Staattinen on ns kiinte\u00e4 sivusto. Et p\u00e4ivit\u00e4 sit\u00e4 niin usein kuin dynaamista, joka on elinvoimaisempi. Dynamiikan avulla voit p\u00e4ivitt\u00e4\u00e4 teksti\u00e4 ja kuvia itse milloin haluat. Olemme &#8230; <a title=\"Palvelut\" class=\"read-more\" href=\"https:\/\/groding.com\/?page_id=692&#038;lang=fi\" aria-label=\"Read more about Palvelut\">Read more<\/a><\/p>\n","protected":false},"author":1,"featured_media":0,"parent":0,"menu_order":0,"comment_status":"closed","ping_status":"closed","template":"","meta":{"_uag_custom_page_level_css":"","footnotes":""},"class_list":["post-692","page","type-page","status-publish"],"yoast_head":"<!-- This site is optimized with the Yoast SEO plugin v27.4 - https:\/\/yoast.com\/product\/yoast-seo-wordpress\/ -->\n<title>Palvelut - Groding Design<\/title>\n<meta name=\"robots\" content=\"index, follow, max-snippet:-1, max-image-preview:large, max-video-preview:-1\" \/>\n<link rel=\"canonical\" href=\"https:\/\/groding.com\/?page_id=692&lang=fi\" \/>\n<meta property=\"og:locale\" content=\"en_US\" \/>\n<meta property=\"og:type\" content=\"article\" \/>\n<meta property=\"og:title\" content=\"Palvelut - Groding Design\" \/>\n<meta property=\"og:description\" content=\"Edullinen ratkaisu kaikkiin luovuustarpeisiisi.Alue, johon olemme keskittyneet eniten, on web-suunnittelu. Rakennamme verkkosivustoja, joissa on helppo liikkua ja jotka ovat graafisesti houkuttelevia. Tarjoamme kaksi erilaista vaihtoehtoa, dynaamiset ja staattiset verkkosivut. Staattinen on ns kiinte\u00e4 sivusto. Et p\u00e4ivit\u00e4 sit\u00e4 niin usein kuin dynaamista, joka on elinvoimaisempi. Dynamiikan avulla voit p\u00e4ivitt\u00e4\u00e4 teksti\u00e4 ja kuvia itse milloin haluat. Olemme ... Read more\" \/>\n<meta property=\"og:url\" content=\"https:\/\/groding.com\/?page_id=692&amp;lang=fi\" \/>\n<meta property=\"og:site_name\" content=\"Groding Design\" \/>\n<meta property=\"article:modified_time\" content=\"2024-09-16T05:39:26+00:00\" \/>\n<meta property=\"og:image\" content=\"https:\/\/groding.com\/wp-content\/uploads\/2024\/06\/0417b16d-1dc4-4176-9abc-50892a782c4c-1.jpeg\" \/>\n\t<meta property=\"og:image:width\" content=\"1792\" \/>\n\t<meta property=\"og:image:height\" content=\"1024\" \/>\n\t<meta property=\"og:image:type\" content=\"image\/jpeg\" \/>\n<meta name=\"twitter:card\" content=\"summary_large_image\" \/>\n<meta name=\"twitter:label1\" content=\"Est. reading time\" \/>\n\t<meta name=\"twitter:data1\" content=\"3 minutes\" \/>\n<script type=\"application\/ld+json\" class=\"yoast-schema-graph\">{\"@context\":\"https:\\\/\\\/schema.org\",\"@graph\":[{\"@type\":\"WebPage\",\"@id\":\"https:\\\/\\\/groding.com\\\/?page_id=692&lang=fi\",\"url\":\"https:\\\/\\\/groding.com\\\/?page_id=692&lang=fi\",\"name\":\"Palvelut - Groding Design\",\"isPartOf\":{\"@id\":\"https:\\\/\\\/groding.com\\\/#website\"},\"primaryImageOfPage\":{\"@id\":\"https:\\\/\\\/groding.com\\\/?page_id=692&lang=fi#primaryimage\"},\"image\":{\"@id\":\"https:\\\/\\\/groding.com\\\/?page_id=692&lang=fi#primaryimage\"},\"thumbnailUrl\":\"https:\\\/\\\/groding-com.preview-domain.com\\\/wp-content\\\/uploads\\\/2024\\\/06\\\/0417b16d-1dc4-4176-9abc-50892a782c4c-1-1024x585.jpeg\",\"datePublished\":\"2019-12-31T10:41:39+00:00\",\"dateModified\":\"2024-09-16T05:39:26+00:00\",\"breadcrumb\":{\"@id\":\"https:\\\/\\\/groding.com\\\/?page_id=692&lang=fi#breadcrumb\"},\"inLanguage\":\"en-US\",\"potentialAction\":[{\"@type\":\"ReadAction\",\"target\":[\"https:\\\/\\\/groding.com\\\/?page_id=692&lang=fi\"]}]},{\"@type\":\"ImageObject\",\"inLanguage\":\"en-US\",\"@id\":\"https:\\\/\\\/groding.com\\\/?page_id=692&lang=fi#primaryimage\",\"url\":\"https:\\\/\\\/groding-com.preview-domain.com\\\/wp-content\\\/uploads\\\/2024\\\/06\\\/0417b16d-1dc4-4176-9abc-50892a782c4c-1-1024x585.jpeg\",\"contentUrl\":\"https:\\\/\\\/groding-com.preview-domain.com\\\/wp-content\\\/uploads\\\/2024\\\/06\\\/0417b16d-1dc4-4176-9abc-50892a782c4c-1-1024x585.jpeg\"},{\"@type\":\"BreadcrumbList\",\"@id\":\"https:\\\/\\\/groding.com\\\/?page_id=692&lang=fi#breadcrumb\",\"itemListElement\":[{\"@type\":\"ListItem\",\"position\":1,\"name\":\"Home\",\"item\":\"https:\\\/\\\/groding.com\\\/\"},{\"@type\":\"ListItem\",\"position\":2,\"name\":\"Palvelut\"}]},{\"@type\":\"WebSite\",\"@id\":\"https:\\\/\\\/groding.com\\\/#website\",\"url\":\"https:\\\/\\\/groding.com\\\/\",\"name\":\"Groding Design\",\"description\":\"\",\"publisher\":{\"@id\":\"https:\\\/\\\/groding.com\\\/#organization\"},\"potentialAction\":[{\"@type\":\"SearchAction\",\"target\":{\"@type\":\"EntryPoint\",\"urlTemplate\":\"https:\\\/\\\/groding.com\\\/?s={search_term_string}\"},\"query-input\":{\"@type\":\"PropertyValueSpecification\",\"valueRequired\":true,\"valueName\":\"search_term_string\"}}],\"inLanguage\":\"en-US\"},{\"@type\":\"Organization\",\"@id\":\"https:\\\/\\\/groding.com\\\/#organization\",\"name\":\"Groding Design\",\"url\":\"https:\\\/\\\/groding.com\\\/\",\"logo\":{\"@type\":\"ImageObject\",\"inLanguage\":\"en-US\",\"@id\":\"https:\\\/\\\/groding.com\\\/#\\\/schema\\\/logo\\\/image\\\/\",\"url\":\"https:\\\/\\\/groding.com\\\/wp-content\\\/uploads\\\/2018\\\/10\\\/1.png\",\"contentUrl\":\"https:\\\/\\\/groding.com\\\/wp-content\\\/uploads\\\/2018\\\/10\\\/1.png\",\"width\":685,\"height\":183,\"caption\":\"Groding Design\"},\"image\":{\"@id\":\"https:\\\/\\\/groding.com\\\/#\\\/schema\\\/logo\\\/image\\\/\"}}]}<\/script>\n<!-- \/ Yoast SEO plugin. -->","yoast_head_json":{"title":"Palvelut - Groding Design","robots":{"index":"index","follow":"follow","max-snippet":"max-snippet:-1","max-image-preview":"max-image-preview:large","max-video-preview":"max-video-preview:-1"},"canonical":"https:\/\/groding.com\/?page_id=692&lang=fi","og_locale":"en_US","og_type":"article","og_title":"Palvelut - Groding Design","og_description":"Edullinen ratkaisu kaikkiin luovuustarpeisiisi.Alue, johon olemme keskittyneet eniten, on web-suunnittelu. Rakennamme verkkosivustoja, joissa on helppo liikkua ja jotka ovat graafisesti houkuttelevia. Tarjoamme kaksi erilaista vaihtoehtoa, dynaamiset ja staattiset verkkosivut. Staattinen on ns kiinte\u00e4 sivusto. Et p\u00e4ivit\u00e4 sit\u00e4 niin usein kuin dynaamista, joka on elinvoimaisempi. Dynamiikan avulla voit p\u00e4ivitt\u00e4\u00e4 teksti\u00e4 ja kuvia itse milloin haluat. Olemme ... Read more","og_url":"https:\/\/groding.com\/?page_id=692&lang=fi","og_site_name":"Groding Design","article_modified_time":"2024-09-16T05:39:26+00:00","og_image":[{"width":1792,"height":1024,"url":"https:\/\/groding.com\/wp-content\/uploads\/2024\/06\/0417b16d-1dc4-4176-9abc-50892a782c4c-1.jpeg","type":"image\/jpeg"}],"twitter_card":"summary_large_image","twitter_misc":{"Est. reading time":"3 minutes"},"schema":{"@context":"https:\/\/schema.org","@graph":[{"@type":"WebPage","@id":"https:\/\/groding.com\/?page_id=692&lang=fi","url":"https:\/\/groding.com\/?page_id=692&lang=fi","name":"Palvelut - Groding Design","isPartOf":{"@id":"https:\/\/groding.com\/#website"},"primaryImageOfPage":{"@id":"https:\/\/groding.com\/?page_id=692&lang=fi#primaryimage"},"image":{"@id":"https:\/\/groding.com\/?page_id=692&lang=fi#primaryimage"},"thumbnailUrl":"https:\/\/groding-com.preview-domain.com\/wp-content\/uploads\/2024\/06\/0417b16d-1dc4-4176-9abc-50892a782c4c-1-1024x585.jpeg","datePublished":"2019-12-31T10:41:39+00:00","dateModified":"2024-09-16T05:39:26+00:00","breadcrumb":{"@id":"https:\/\/groding.com\/?page_id=692&lang=fi#breadcrumb"},"inLanguage":"en-US","potentialAction":[{"@type":"ReadAction","target":["https:\/\/groding.com\/?page_id=692&lang=fi"]}]},{"@type":"ImageObject","inLanguage":"en-US","@id":"https:\/\/groding.com\/?page_id=692&lang=fi#primaryimage","url":"https:\/\/groding-com.preview-domain.com\/wp-content\/uploads\/2024\/06\/0417b16d-1dc4-4176-9abc-50892a782c4c-1-1024x585.jpeg","contentUrl":"https:\/\/groding-com.preview-domain.com\/wp-content\/uploads\/2024\/06\/0417b16d-1dc4-4176-9abc-50892a782c4c-1-1024x585.jpeg"},{"@type":"BreadcrumbList","@id":"https:\/\/groding.com\/?page_id=692&lang=fi#breadcrumb","itemListElement":[{"@type":"ListItem","position":1,"name":"Home","item":"https:\/\/groding.com\/"},{"@type":"ListItem","position":2,"name":"Palvelut"}]},{"@type":"WebSite","@id":"https:\/\/groding.com\/#website","url":"https:\/\/groding.com\/","name":"Groding Design","description":"","publisher":{"@id":"https:\/\/groding.com\/#organization"},"potentialAction":[{"@type":"SearchAction","target":{"@type":"EntryPoint","urlTemplate":"https:\/\/groding.com\/?s={search_term_string}"},"query-input":{"@type":"PropertyValueSpecification","valueRequired":true,"valueName":"search_term_string"}}],"inLanguage":"en-US"},{"@type":"Organization","@id":"https:\/\/groding.com\/#organization","name":"Groding Design","url":"https:\/\/groding.com\/","logo":{"@type":"ImageObject","inLanguage":"en-US","@id":"https:\/\/groding.com\/#\/schema\/logo\/image\/","url":"https:\/\/groding.com\/wp-content\/uploads\/2018\/10\/1.png","contentUrl":"https:\/\/groding.com\/wp-content\/uploads\/2018\/10\/1.png","width":685,"height":183,"caption":"Groding Design"},"image":{"@id":"https:\/\/groding.com\/#\/schema\/logo\/image\/"}}]}},"uagb_featured_image_src":{"full":false,"thumbnail":false,"medium":false,"medium_large":false,"large":false,"1536x1536":false,"2048x2048":false},"uagb_author_info":{"display_name":"admin4431","author_link":"https:\/\/groding.com\/?author=1"},"uagb_comment_info":0,"uagb_excerpt":"Edullinen ratkaisu kaikkiin luovuustarpeisiisi.Alue, johon olemme keskittyneet eniten, on web-suunnittelu. Rakennamme verkkosivustoja, joissa on helppo liikkua ja jotka ovat graafisesti houkuttelevia. Tarjoamme kaksi erilaista vaihtoehtoa, dynaamiset ja staattiset verkkosivut. Staattinen on ns kiinte\u00e4 sivusto. Et p\u00e4ivit\u00e4 sit\u00e4 niin usein kuin dynaamista, joka on elinvoimaisempi. Dynamiikan avulla voit p\u00e4ivitt\u00e4\u00e4 teksti\u00e4 ja kuvia itse milloin haluat. Olemme&hellip;","_links":{"self":[{"href":"https:\/\/groding.com\/index.php?rest_route=\/wp\/v2\/pages\/692","targetHints":{"allow":["GET"]}}],"collection":[{"href":"https:\/\/groding.com\/index.php?rest_route=\/wp\/v2\/pages"}],"about":[{"href":"https:\/\/groding.com\/index.php?rest_route=\/wp\/v2\/types\/page"}],"author":[{"embeddable":true,"href":"https:\/\/groding.com\/index.php?rest_route=\/wp\/v2\/users\/1"}],"replies":[{"embeddable":true,"href":"https:\/\/groding.com\/index.php?rest_route=%2Fwp%2Fv2%2Fcomments&post=692"}],"version-history":[{"count":2,"href":"https:\/\/groding.com\/index.php?rest_route=\/wp\/v2\/pages\/692\/revisions"}],"predecessor-version":[{"id":1081,"href":"https:\/\/groding.com\/index.php?rest_route=\/wp\/v2\/pages\/692\/revisions\/1081"}],"wp:attachment":[{"href":"https:\/\/groding.com\/index.php?rest_route=%2Fwp%2Fv2%2Fmedia&parent=692"}],"curies":[{"name":"wp","href":"https:\/\/api.w.org\/{rel}","templated":true}]}}